*c + 12. Give j(4).
4
Let b(t) = -201*t**2 - 8*t - 8. Determine b(-1).
-201
Let o(d) = d**3 + 6*d**2 - 8*d - 1. Give o(-7).
6
Let p(l) = l**3 + 16*l**2 + 15*l - 6. What is p(-15)?
-6
Let c(z) = -z - 13. Give c(-8).
-5
Let j(f) = f**3 + 7*f**2 - 18*f - 16. Determine j(-9).
-16
Let i(p) = -2*p**2 + 20*p - 62. What is i(5)?
-12
Let v(p) = 27*p**2 + 6*p + 3. Calculate v(-1).
24
Let d(l) = -l + 10. Give d(0).
10
Let q(o) = 15*o**2 - 3*o + 2. Give q(1).
14
Let p(m) = 3*m**2 - m - 1. Calculate p(-4).
51
Let n(f) = -f + 6. Calculate n(2).
4
Let t(x) = -8*x**3 + 56*x**2 + x + 4. Calculate t(7).
11
Let l(i) = 4*i - 36. What is l(13)?
16
Let m(n) = -n**2 - 17*n - 44. Give m(-8).
28
Let d(t) = -6*t - 71. What is d(-13)?
7
Let d(i) = i**2 - 12*i + 7. Determine d(11).
-4
Let f(g) = g**3 - 4*g**2 + 4*g + 1. Determine f(2).
1
Let x(g) = -12*g**2 + 3. Calculate x(2).
-45
Let i(t) = -6*t + 13. Determine i(3).
-5
Let l(m) = -m**2 - 2*m - 10. Give l(-5).
-25
Let y(z) = z**3 + 12*z**2 - 2*z - 33. What is y(-12)?
-9
Let j(m) = 12*m - 7. Give j(-4).
-55
Let s(g) = g**3 + 17*g**2 + 21*g - 139. Calculate s(-15).
-4
Let d(m) = m**2 + 8*m - 7. Give d(-7).
-14
Let j(r) = r**2 - 3*r - 9. What is j(-7)?
61
Let y(o) = -o**2 + 12*o + 34. What is y(15)?
-11
Let j(b) = b**2 - 4. What is j(-3)?
5
Let g(y) = -y**2 - 8*y + 2. What is g(-10)?
-18
Let p(k) = k**3 + 21*k**2 - 2*k - 48. Give p(-21).
-6
Let c(i) = -i**3 - 9*i**2 - 7*i - 17. Determine c(-8).
-25
Let v(k) = 4*k + 132. Determine v(-33).
0
Let l(s) = 41*s - 229. What is l(6)?
17
Let h(i) = -i - 93. Calculate h(0).
-93
Let k(u) = -u**2 - 12*u + 12. Give k(-13).
-1
Let s(c) = 2*c**2 + 10*c + 6. What is s(-6)?
18
Let h(g) = -g - 2. Calculate h(4).
-6
Let x(a) = 4*a**2 - 14*a - 3. Determine x(7).
95
Let l(v) = 90*v + 1072. Give l(-12).
-8
Let y(g) = g**3 + 17*g**2 - 21*g - 26. What is y(-18)?
28
Let q(o) = o**2 + 9*o - 1. Determine q(-8).
-9
Let c(l) = -2*l**2 - l - 4. Calculate c(3).
-25
Let k(g) = -g**2 + 9*g + 32. What is k(-7)?
-80
Let c(z) = -3*z - 8. What is c(8)?
-32
Let g(z) = 5*z - 12. Determine g(11).
43
Let s(u) = u**3 + 6*u**2 - 2*u - 2. Determine s(-5).
33
Let g(l) = -l. Give g(5).
-5
Let l(w) = -w**2 + 16*w - 57. What is l(5)?
-2
Let a(m) = -12*m + 122. Give a(9).
14
Let c(i) = i**2 + 4*i + 7. What is c(0)?
7
Let c(z) = z**2 + 13*z + 4. What is c(-6)?
-38
Let c(q) = -4*q**2 + 2*q - 14. Give c(-6).
-170
Let z(d) = -10*d**2 + 190*d + 8. Give z(19).
8
Let s(o) = 5*o + 53. Give s(-10).
3
Let x(t) = -5*t - 1. What is x(5)?
-26
Let m(r) = 55*r + 275. What is m(-5)?
0
Let h(i) = i**2 + 4*i + 6. Calculate h(-6).
18
Let x(r) = r**3 - 10*r**2 - 3*r + 42. Determine x(9).
-66
Let o(i) = i**3 - 16*i**2 + 15*i - 15. Give o(15).
-15
Let f(k) = -k - 10. Calculate f(6).
-16
Let v(t) = t**3 + 7*t**2 + 6*t - 7. Determine v(-6).
-7
Let x(f) = f**3 - 18*f**2 - 7*f + 129. Determine x(18).
3
Let y(o) = 17*o - 249. Give y(15).
6
Let b(d) = d**2 - 19*d - 2. What is b(19)?
-2
Let s(w) = 19*w - 4. What is s(1)?
15
Let b(n) = 31*n**2 + 1. Calculate b(1).
32
Let h(y) = -y**2 + y + 9. What is h(0)?
9
Let h(u) = u**2 + 22*u + 100. Calculate h(-16).
4
Let d(b) = -b**3 - b**2 + b - 13. What is d(0)?
-13
Let v(z) = -5*z + 2. What is v(8)?
-38
Let l(x) = -x**3 + 5*x**2 - 4*x + 22. Determine l(5).
2
Let l(v) = -6*v - 6. Give l(6).
-42
Let w(c) = 3*c**2 - 3*c - 2. Determine w(-2).
16
Let y(l) = -4*l + 6. Give y(4).
-10
Let z(v) = -2*v**3 + 3*v + 3. Give z(3).
-42
Let d(f) = 2*f**3 + 2*f**2 - f - 21. Determine d(0).
-21
Let l(k) = -32*k + 89. Calculate l(5).
-71
Let o(x) = -x**3 + x + 38. Determine o(0).
38
Let u(q) = -q**3 + q**2 - q - 52. Give u(0).
-52
Let y(h) = 29*h**2 + h + 1. Give y(-1).
29
Let f(x) = x**3 - 3*x**2 + 4*x - 2. Give f(1).
0
Let r(j) = -37*j**2 - 1. Give r(1).
-38
Let x(l) = 3*l**3 - l**2 + l + 1. Determine x(2).
23
Let q(c) = -3*c + 3. Give q(19).
-54
Let a(c) = -c**3 + 23*c**2 - c + 23. Determine a(23).
0
Let z(b) = -b**2 + 3*b + 4. Calculate z(-2).
-6
Let m(c) = -3*c**2 + 4*c + 3. Give m(-3).
-36
Let t(h) = -h**3 - 10*h**2 - 10*h - 4. Give t(-9).
5
Let t(f) = f**3 - 8*f**2 + 6*f + 3. Calculate t(5).
-42
Let u(z) = -3*z**3 - 2*z**2 + 2*z + 2. Give u(-2).
14
Let k(t) = t**3 + 10*t**2 + 9*t + 12. Determine k(-9).
12
Let s(y) = y**3 - 9*y**2 + 5*y + 1. Give s(7).
-62
Let h(x) = -x**3 + 5*x**2 + 14*x - 6. Calculate h(6).
42
Let s(w) = -w**3 - 23*w**2 + 21*w - 8. Give s(-24).
64
Let v(q) = 17*q - 18. Determine v(-5).
-103
Let v(y) = -8*y - 14. What is v(-4)?
18
Let j(t) = 7*t**2 + 3*t. Determine j(1).
10
Let l(x) = 5*x**2 - 58*x + 32. Determine l(11).
-1
Let j(v) = v**3 + 3*v - 2. Determine j(1).
2
Let a(q) = 8*q**2 + 186*q + 43. Determine a(-23).
-3
Let x(f) = f**3 + 7*f + 16. Give x(0).
16
Let u(c) = -17*c + 321. Give u(19).
-2
Let s(h) = 5*h**2 - 2*h + 3. Give s(2).
19
Let a(g) = -g**3 + 16*g**2 - 29*g + 20. Calculate a(14).
6
Let i(b) = -3*b + 12. What is i(6)?
-6
Let l(f) = 3*f - 2. What is l(-6)?
-20
Let f(o) = -8*o**2 + 29*o + 3. Give f(3).
18
Let g(p) = -p**3 - p**2 + p. Calculate g(2).
-10
Let x(q) = -q**2 + 6*q + 14. What is x(7)?
7
Let k(a) = 2*a - 17. Give k(16).
15
Let f(y) = -3*y**3 + y**2. What is f(-1)?
4
Let b(f) = f**2 + 21*f - 35. Calculate b(-23).
11
Let h(m) = -m**2 - 49*m - 468. Calculate h(-13).
0
Let p(u) = 2*u**3 - 4*u**2 - 6*u + 19. What is p(2)?
7
Let f(g) = g**3 + 8*g**2 + 11*g - 6. Calculate f(-6).
0
Let v(q) = -14*q**2 - 2*q - 10. Determine v(0).
-10
Let l(s) = -37*s**2 - 2*s + 1. Determine l(1).
-38
Let q(h) = -h**3 - h**2 + 2*h - 3. Calculate q(2).
-11
Let q(g) = 36*g + 2. Calculate q(-1).
-34
Let z(y) = -y**3 - 16*y**2 - y - 15. Determine z(-16).
1
Let f(k) = 4*k**2 + 6*k - 18. What is f(3)?
36
Let s(t) = -4*t**2 + 5*t - 2. Determine s(2).
-8
Let a(q) = q**3 - 2*q**2 + 3*q. What is a(2)?
6
Let c(m) = -2*m**2 + 4*m + 9. Determine c(3).
3
Let b(n) = n**3 + 7*n**2 + n - 6. What is b(-7)?
-13
Let g(l) = l + 23. Give g(0).
23
Let c(f) = f**2 + 9*f + 1. What is c(-6)?
-17
Let h(w) = w**2 - 16*w + 6. Calculate h(15).
-9
Let k(y) = -y**3 - 7*y**2 - 6*y - 2. Determine k(-7).
40
Let w(r) = -r**2 - 39*r + 677. Determine w(13).
1
Let u(w) = 11*w - 194. What is u(18)?
4
Let y(f) = -8*f**2 - 5*f - 2. Calculate y(-4).
-110
Let x(m) = -m**2 - 7*m - 2. What is x(-5)?
8
Let f(k) = -k**3 + 4*k**2 + 7*k - 5. Determine f(5).
5
Let y(k) = 5*k. Determine y(-9).
-45
Let v(t) = 39*t + 1. Give v(1).
40
Let p(w) = 4*w**2 + 2*w - 4. What is p(-3)?
26
Let c(d) = 22*d. What is c(-4)?
-88
Let p(f) = 4*f + 17. Calculate p(16).
81
Let k(z) = 6*z - 8. Give k(5).
22
Let m(i) = -i**3 + 11*i**2 - 7*i - 22. Determine m(10).
8
Let z(w) = w**2 + 10*w - 8. Give z(-9).
-17
Let k(f) = -3*f + 55. Calculate k(19).
-2
Let j(n) = n**2 - 12*n + 22. Determine j(9).
-5
Let z(q) = -7*q + 35. Calculate z(6).
-7
Let i(j) = -j - 24. Give i(-8).
-16
Let b(x) = -x**3 + 15*x**2 - 21*x - 27. Calculate b(13).
38
Let s(b) = 2*b**3 + 3*b**2 - 3*b. Determine s(2).
22
Let j(i) = -i**3 - 3*i**2 + 6*i - 12. What is j(-6)?
60
Let c(z) = -z**3 - 10*z**2 - 12*z - 11. Calculate c(-9).
16
Let u(p) = -6*p - 30. Determine u(-9).
24
Let l(b) = -b**2 + 16*b + 78. What is l(20)?
-2
Let q(s) = 3*s**3 - 23*s**2 - 7*s - 16. What is q(8)?
-8
Let m(a) = -30*a - 1. Calculate m(-1).
29
Let w(u) = -51*u - 2. What is w(-3)?
151
Let r(v) = -2*v - 4. Give r(4).
-12
Let x(j) = -j**3 + 18*j**2 + 56*j - 326. Give x(20).
-6
Let w(n) = -n**2 + 8*n + 76. Determine w(-7).
-29
Let t(q) = -7*q - 68. What is t(-10)?
2
Let b(g) = g - 7. Give b(8).
1
Let a(w) = -2*w - 17. Determine a(-7).
-3
Let u(v) = -v**3 - 7*v**2 - 4*v + 27. Determine u(-5).
-3
Let l(q) = q**2 + 37*q + 162. Calculate l(-5).
2
Let p(x) = x**2 - x - 23. Give p(5).
-3
Let t(j) = j**2 - 4*j - 15. Determine t(6).
-3
Let s(o) = -8*o**3 - 2*o**2 - 3*o - 1. Give s(-1).
8
Let b(v) = -2*v**3 + 28*v**2 - 13*v + 22. Give b(14).
-160
Let i(r) = -r**3 - 6*r**2 + 6*r - 3. What is i(-7)?
4
Let v(x) = -2*x**3 - 100*x**2 - x - 117. Determine v(-50).
-67
Let p(q) = 16*q + 2. Calculate p(2).
34
Let u(t) = t**3 + 7*t**2 + 7*t + 6. Give u(-6).
0
Let o(x) = 4*x - 28. Calculate o(4).
-12
Let w(r) = 5*r**2 + 17*r - 15. Determine w(1).
7
Let q(p) = p - 34. What is q(0)?
-34
Let g(x) = -4*x + 4. Determine g(5).
-16
Let h(t) = t**3 - 10*t**2 + 8*t